{"id":258,"date":"2025-02-27T11:36:09","date_gmt":"2025-02-27T09:36:09","guid":{"rendered":"https:\/\/dimecon.eu\/?post_type=project&#038;p=258"},"modified":"2025-02-27T11:36:09","modified_gmt":"2025-02-27T09:36:09","slug":"erneuerung-infrastruktur-klepperstee-ouddorp-niederlande","status":"publish","type":"project","link":"https:\/\/dimecon.eu\/?project=erneuerung-infrastruktur-klepperstee-ouddorp-niederlande","title":{"rendered":"Erneuerung Infrastruktur Klepperstee Ouddorp Niederlande"},"content":{"rendered":"\n<p>Wir unterst\u00fctzen die umfassende Modernisierung der Infrastruktur im <strong>Klepperstee<\/strong>. Die Bauarbeiten finden \u00fcberwiegend <strong>von November bis M\u00e4rz<\/strong> statt, um den G\u00e4stebetrieb so wenig wie m\u00f6glich zu beeintr\u00e4chtigen.<\/p>\n\n\n\n<h4 class=\"wp-block-heading\"><strong>Unsere Leistungen &amp; Ma\u00dfnahmen:<\/strong><\/h4>\n\n\n\n<ul class=\"wp-block-list\">\n<li><strong>Umgestaltung der Jahresstellpl\u00e4tze<\/strong> Zilvermeeuw &amp; Koolmees (Baustelle bis mind. 16. M\u00e4rz)<\/li>\n\n\n\n<li><strong>Neue Infrastruktur<\/strong> f\u00fcr Strom, Wasser und Internet (zeitweise Unterbrechungen m\u00f6glich)<\/li>\n\n\n\n<li><strong>Asphaltierungsarbeiten<\/strong> vom <strong>10. bis 14. M\u00e4rz<\/strong> (erh\u00f6hte L\u00e4rmbel\u00e4stigung)<\/li>\n\n\n\n<li><strong>Sanit\u00e4rmodernisierung<\/strong>: Neubau eines Sanit\u00e4rgeb\u00e4udes (Nov.\u2013M\u00e4rz), Erneuerung im Wohnwagenpark (Feb.\/M\u00e4rz 2025)<\/li>\n\n\n\n<li><strong>Installation neuer Beleuchtung<\/strong> (Februar\/M\u00e4rz 2025)<\/li>\n\n\n\n<li><strong>Landschaftspflege:<\/strong> Winterbeschneidung (Wochen 4\u20138), neue Bepflanzung &amp; Rasenaussaat (Wochen 7\u201314)<\/li>\n<\/ul>\n\n\n\n<p>Durch unsere nachhaltigen Planungs- und Umsetzungskonzepte tragen wir dazu bei, Klepperstee fit f\u00fcr die Zukunft zu machen.<\/p>\n","protected":false},"excerpt":{"rendered":"<p>Wir unterst\u00fctzen die umfassende Modernisierung der Infrastruktur im Klepperstee. Die Bauarbeiten finden \u00fcberwiegend von November bis M\u00e4rz statt, um den G\u00e4stebetrieb so wenig wie m\u00f6glich zu beeintr\u00e4chtigen. Unsere Leistungen &amp; Ma\u00dfnahmen: Durch unsere nachhaltigen Planungs- und Umsetzungskonzepte tragen wir dazu bei, Klepperstee fit f\u00fcr die Zukunft zu machen.<\/p>\n","protected":false},"author":2,"featured_media":259,"comment_status":"open","ping_status":"closed","template":"","meta":{"_et_pb_use_builder":"off","_et_pb_old_content":"","_et_gb_content_width":"","om_disable_all_campaigns":false,"_monsterinsights_skip_tracking":false,"_monsterinsights_sitenote_active":false,"_monsterinsights_sitenote_note":"","_monsterinsights_sitenote_category":0,"footnotes":""},"project_category":[],"project_tag":[],"class_list":["post-258","project","type-project","status-publish","has-post-thumbnail","hentry"],"aioseo_notices":[],"_links":{"self":[{"href":"https:\/\/dimecon.eu\/index.php?rest_route=\/wp\/v2\/project\/258","targetHints":{"allow":["GET"]}}],"collection":[{"href":"https:\/\/dimecon.eu\/index.php?rest_route=\/wp\/v2\/project"}],"about":[{"href":"https:\/\/dimecon.eu\/index.php?rest_route=\/wp\/v2\/types\/project"}],"author":[{"embeddable":true,"href":"https:\/\/dimecon.eu\/index.php?rest_route=\/wp\/v2\/users\/2"}],"replies":[{"embeddable":true,"href":"https:\/\/dimecon.eu\/index.php?rest_route=%2Fwp%2Fv2%2Fcomments&post=258"}],"version-history":[{"count":1,"href":"https:\/\/dimecon.eu\/index.php?rest_route=\/wp\/v2\/project\/258\/revisions"}],"predecessor-version":[{"id":260,"href":"https:\/\/dimecon.eu\/index.php?rest_route=\/wp\/v2\/project\/258\/revisions\/260"}],"wp:featuredmedia":[{"embeddable":true,"href":"https:\/\/dimecon.eu\/index.php?rest_route=\/wp\/v2\/media\/259"}],"wp:attachment":[{"href":"https:\/\/dimecon.eu\/index.php?rest_route=%2Fwp%2Fv2%2Fmedia&parent=258"}],"wp:term":[{"taxonomy":"project_category","embeddable":true,"href":"https:\/\/dimecon.eu\/index.php?rest_route=%2Fwp%2Fv2%2Fproject_category&post=258"},{"taxonomy":"project_tag","embeddable":true,"href":"https:\/\/dimecon.eu\/index.php?rest_route=%2Fwp%2Fv2%2Fproject_tag&post=258"}],"curies":[{"name":"wp","href":"https:\/\/api.w.org\/{rel}","templated":true}]}}

<p>Wir unterstützen die umfassende Modernisierung der Infrastruktur im <strong>Klepperstee</strong>. Die Bauarbeiten finden überwiegend <strong>von November bis März</strong> statt, um den Gästebetrieb so wenig wie möglich zu beeinträchtigen.</p>



<h4 class="wp-block-heading"><strong>Unsere Leistungen &amp; Maßnahmen:</strong></h4>



<ul class="wp-block-list">
<li><strong>Umgestaltung der Jahresstellplätze</strong> Zilvermeeuw &amp; Koolmees (Baustelle bis mind. 16. März)</li>



<li><strong>Neue Infrastruktur</strong> für Strom, Wasser und Internet (zeitweise Unterbrechungen möglich)</li>



<li><strong>Asphaltierungsarbeiten</strong> vom <strong>10. bis 14. März</strong> (erhöhte Lärmbelästigung)</li>



<li><strong>Sanitärmodernisierung</strong>: Neubau eines Sanitärgebäudes (Nov.–März), Erneuerung im Wohnwagenpark (Feb./März 2025)</li>



<li><strong>Installation neuer Beleuchtung</strong> (Februar/März 2025)</li>



<li><strong>Landschaftspflege:</strong> Winterbeschneidung (Wochen 4–8), neue Bepflanzung &amp; Rasenaussaat (Wochen 7–14)</li>
</ul>



<p>Durch unsere nachhaltigen Planungs- und Umsetzungskonzepte tragen wir dazu bei, Klepperstee fit für die Zukunft zu machen.</p>

<p>Wir unterstützen die umfassende Modernisierung der Infrastruktur im Klepperstee. Die Bauarbeiten finden überwiegend von November bis März statt, um den Gästebetrieb so wenig wie möglich zu beeinträchtigen. Unsere Leistungen &amp; Maßnahmen: Durch unsere nachhaltigen Planungs- und Umsetzungskonzepte tragen wir dazu bei, Klepperstee fit für die Zukunft zu machen.</p>
